e (-1 - -3) + -5 - -2 - -9.
8
Calculate 5 + (-1 + -1 - 0) + -3.
0
What is the value of -4 + 2 + -1 - -1?
-2
Evaluate 0 - (-3 - (-5 - -6)).
4
What is 1 + -4 + (-12 - -15)?
0
What is 10 + (0 - 5) + (1 - 4)?
2
What is -13 + (9 - 4) - -2?
-6
Evaluate -1 - (-2 - -7) - (-29 + 29).
-6
What is -25 + 1 + 10 - (0 - 6)?
-8
What is -1 - ((3 + 0 - 0) + -6)?
2
What is 4 - (0 + 0) - (11 - 9)?
2
(-5 - (6 + -4 - 13)) + -4
2
What is 3 - (-3 - (1 + -3))?
4
What is 4 - (1 - -3 - (-44 - -48))?
4
Calculate 1 - 7 - (-22 - -22).
-6
Evaluate -13 + -1 - (25 + -34).
-5
Calculate (-1 + 1 - 0) + -3 + 3.
0
Evaluate (38 - 40) + (-3 - (1 + -2)).
-4
What is the value of 6 + 1 + 10 + -11 + 0?
6
Calculate 5 + 3 + -5 + -5.
-2
What is the value of 2 + -7 + (-4 - -10) + 6?
7
Calculate (1 - 7) + (2 - -6).
2
Calculate -6 + 6 + (7 - 4).
3
Evaluate 12 + -4 - 6 - (2 + 6).
-6
Calculate 0 + 7 + (-18 + 16 - 14).
-9
3 - 2 - -1 - 6
-4
What is the value of -1 - 5 - (-9 + -3) - 3?
3
Evaluate (13 - (0 - -8)) + -4 + -2.
-1
Calculate (-11 - (-1 - -8)) + 7.
-11
Evaluate -338 + 345 + (-1 + 5 - 0).
11
Calculate -5 + -2 + 8 + -2 + -3.
-4
What is -3 + 2 - (1 + -4) - 7?
-5
(0 - 4) + (79 - 83)
-8
What is the value of 3 + -14 + 6 + 8?
3
(-6 - -5) + 3 + -4 + -5
-7
Calculate 1 + (-11 - -4 - -3 - 0).
-3
Evaluate 2 + (-1 - -2 - 0) - 1.
2
Evaluate 3 - (3 + -4) - -1.
5
15 - (8 + (-3 - -2))
8
Evaluate (-2 - (-11 - -21)) + 5.
-7
Evaluate 4 + 0 - 5 - 0.
-1
Evaluate -20 + 16 - (-3 - 5).
4
What is 2 + -6 + 4 - 1?
-1
1 + (-3 - (-3 + 1) - -3)
3
-3 + (1 - (3 - 1) - -3)
-1
What is the value of 6 + (-7 - -1 - -2) + -5?
-3
Evaluate (1 + 2 - -1 - 1) + 0.
3
Evaluate 3 + -1 + -2 + 5.
5
What is (0 + (1 - 4) - 1) + 2?
-2
Calculate -9 - (11 + -26 + 8).
-2
6 + -3 + -2 + 1 + -1
1
Calculate 13 - (-6 + 8 - -2).
9
What is 0 - (0 + -1) - (24 + -21)?
-2
Calculate (4 + -4 - -1) + -1.
0
What is 0 + (-11 - -7) + 7?
3
-8 - (1 - -3 - 6)
-6
-18 + 11 + (2 - 2 - -6)
-1
Calculate (-3 + -2 - -4) + 2 + 4.
5
Calculate -7 + 1 + 6 + (7 - 3).
4
Calculate -2 + (0 - -1) + (9 - 10).
-2
-2 + -2 + 2 + 1 + -2
-3
What is the value of (-2 - -8) + 8 - 9?
5
What is the value of -1 - (6 - (8 + -3))?
-2
What is (9 - 13 - -14) + -18?
-8
What is (3 - 14) + 7 + (1 - 1)?
-4
Calculate 3 + 0 + -4 - (4 - 1).
-4
1 + -8 + 3 - (-6 - 0)
2
What is the value of -10 + 10 + -6 + 10?
4
-2 - (-2 + -2 + 4)
-2
Calculate (8 - 2 - 5) + -5 + -1.
-5
What is -2 + (-5 + 8 - 3)?
-2
What is 2 + (0 - -2) + -64 + 62?
2
Calculate 14 - (16 - (2 + 5)).
5
Evaluate 3 - (4 - 2) - (1 - 1).
1
Calculate 7 - (-1 - -2 - -3).
3
What is 11 + -1 + 20 + -25?
5
(0 - 1) + 7 + -5
1
What is (1 - (2 + 8 + -4)) + 3?
-2
-16 + (-8 - -16 - -1)
-7
(-11 - (-10 - -4)) + 4
-1
Evaluate (-5 - (-4 - (-2 + 0))) + 4.
1
Evaluate 1 + (5 - (0 - (-5 + 2))).
3
Evaluate 2 + (-2 - -1) - (0 + 6).
-5
What is the value of 2 - ((-7 - (-17 + 3)) + 3)?
-8
Calculate -6 - -2 - (15 + -19).
0
Calculate 7 + 0 + -13 - -10.
4
What is the value of (-4 - -4) + (-7 - -3 - 0)?
-4
Calculate 4 - (7 + (3 - 2)).
-4
-4 + (0 - (-4 - (-3 + 2)))
-1
Calculate (-4 - 1) + (1 + -1 - 0).
-5
What is (-1 - -2) + -4 + 5 + -3?
-1
What is (-4 - -5 - -1) + 2 - 2?
2
What is -1 + -4 + 15 + -3 - 4?
3
9 - (4 + -2 + 3)
4
Calculate (1 - 6) + (1 - 6) + 4.
-6
What is (-2 - (-2 + (2 - 2))) + -1?
-1
Evaluate 1 - ((-1 - -1) + (-24 - -20)).
5
-7 + 7 + -7 - -2
-5
Evaluate -12 - (-8 + -7) - (-3 - 5).
11
Evaluate 3 + 4 + (3 - -5) + -7.
8
Evaluate 9 + -3 + 7 - 8.
5
What is 4 - (-6 - -2 - (-4 + -3))?
1
What is the value of 0 + 6 - (15 + -3 + 1)?
-7
What is 4 + 4 + 3 + -7?
4
Evaluate (4 - -1) + 13 + -23 + 3.
-2
Calculate -8 - (9 + -2 + -9).
-6
Calculate 6 - (-4 - 2 - -5).
7
What is the value of 0 + (5 + -8 - 2)?
-5
Calculate (2 + -5 - (-4 + -6)) + -3.
4
Calculate 0 + -1 + -3 + (43 - 41).
-2
What is the value of 1 - 5 - (2 + (2 - 3))?
-5
What is the value of 4 + (2 + -9 - (0 - 0))?
-3
Evaluate 5 - (2 + -3) - 2.
4
What is the value of -1 - (-9 + 11 - (-1 - -4))?
0
What is -2 + -1 - (-24 + 20)?
1
What is the value of 4 + -3 + 4 + -7?
-2
(-5 - -5) + 1 - (0 - 2)
3
What is -7 + -4 + 3 + 4?
-4
(-11 + 18 - (0 - 0)) + -4
3
Calculate -1 - (3 + -4 + 4) - 2.
-6
What is -7 + (10 - (3 - 3))?
3
What is -5 + -2 + 6 - (2 + 4)?
-7
What is 10 - ((-7 - 1) + 12)?
6
Evaluate -11 + 3 + 3 + -2 + 2.
-5
What is -4 + 7 - 2 - (4 + -2)?
-1
What is the value of (0 - 1) + -5 + (0 - -4)?
-2
Calculate -3 - ((-2 - -1) + 3 + -5).
0
What is the value of 1 - -5 - (-57 - -68)?
-5
-15 - -7 - (1 - 17)
8
-9 + -2 + 15 + -9 + 2
-3
What is -1 - 1 - (11 - 16)?
3
What is (3 - -4) + -11 + (11 - -1)?
8
-98 - -94 - (-9 + 0 + 0)
5
Calculate -3 - (-4 - (0 - -3)).
4
Calculate 8 - (18 + 4 + -5 + -7).
-2
Evaluate (-2 - -2) + -2 + (-8 - -11).
1
What is the value of 3 - -1 - (56 + -47)?
-5
What is 9 - (14 + -7) - 8?
-6
(-6 + -3 - -1) + 5
-3
What is the value of (-5 - -4) + (4 - 4) + 1?
0
What is -7 + 13 - (2 - -1)?
3
Calculate 2 + (-6 - (0 + -2)) - 6.
-8
What is (-9 - (-19 + 9)) + 2?
3
(9 - -2 - 3) + -3
5
What is -1 - -13 - (-11 - -24)?
-1
What is the value of (-5 - -3) + 2 - -2?
2
What is 6 + -9 + (7 - 10)?
-6
What is -10 + 6 - (0 + 1)?
-5
Calculate 5 - 10 - (2 - 11).
4
What is 7 - 12 - (1 - 13)?
7
Evaluate -2 + 1 + (3 - 3) + 1.
0
What is 2 + 0 + (22 - 29)?
-5
-4 + -2 + 0 + (24 - 20)
-2
(2 - 7) + (-5 - (10 + -15))
-5
(-2 - ((-3 - -5) + -5)) + 0
1
Calculate -3 - -11 - (-1 - -6) - 1.
2
-7 - ((7 - 18) + -2 - 0)
6
Evaluate 2 - (5 - 5 - 1).
3
What is -2 + (7 + 0 - (-3 + 5))?
3
What is the value of (-2 + 9 - 1) + -4 + -9?
-7
Evaluate -2 + 5 + -4 - (0 + -4).
3
-12 + (1 - -7 - 0)
-4
Evaluate -6 + 7 + (4 - 9).
-4
Calculate (2 - 2) + (1 - 0).
1
What is -8 + (-9 - -5 - 2) + 10?
-4
-1 - -7 - (-4 - -8)
2
What is the value of (-4 - (-2 - 6 - -4)) + 0?
0
Evaluate (-10 - -3) + (-1 - -1) + 4.
-3
Calculate 6 + 2 + -1 + -3.
4
Calculate 15 - 11 - 3 - -7.
8
Calculate (8 - 9) + 1 + (0 - -3).
3
What is 0 + (-7 - -2) + 1?
-4
What is -1 + -2 + (9 - 7)?
-1
Calculate (1 - (7 + -6)) + -1 + 0.
-1
(3 - (1 - 0)) + -3
-1
Evaluate -2 + 5 - (-1 + 3 + 4).
-3
Calculate 2 - 0 - (0 - -2).
0
Calculate 4 - (1 + 3) - -2 - -3.
5
What is -5 + -1 - (-1 - (11 + -10))?
-4
Calculate 6 - -1 - (2 + 3).
2
What is the value of (4 + 0 - 3) + -4 - -3?
0
Calculate (0 - -5 - 4) + -4.
-3
Calculate 6 + (-11 - -6) - -7.
8
What is the value of 1 + -3 + 1 - (32 - 32)?
-1
Calculate (10 - -1) + -7 - (1 - 2).
5
What is the value of (-3 - (0 - -2)) + (19 - 16)?
-2
What is the value of 5 + 7 + -7 + (1 - 6)?
0
Calculate 4 + -2 - -2 - (-9 + 8).
5
What is the value of (-2 - 6) + 3 - -2?
-3
What is the value of 4 + -7 + 4 + -4 + -1?
-4
What is 10 - 7 - (14 - 9)?
-2
4 - (7 + (2 - 1))
-4
Calculate -7 - (-10 - -6) - -11.
8
(-9 - -4) + -1 + 6
0
What is the value of -43 + 38 - (-7 - 0)?
2
Evaluate 1 - 0 - (3 + 0) - 1.
-3
Evaluate 0 + 3 - (-7 - (-25 - -8)).
-7
-7 - (2 + -3 + -6 + 5)
-5
What is the value of 3 + (6 - 4) + 0?
5
What is -11 - (-1 - (4 + 4))?
-2
Evaluate -2 - -1 - (-22 + 21).
0
Calculate 1 + -8 - (9 - (3 - -10)).
-3
(-4 - -7) + (-3 - (1 + -5))
4
What is the value of 1 + -6 - -4 - 1?
-2
What is 3 - 8 - (-16 - -13)?
-2
What is -16 + (5 - (-12 - -9))?
-8
-5 - ((-5 - -3) + 1 - 4)
0
Evaluate 0 + (1 + -1 - -3) + -1.
2
Evaluate -2 + (-8 - (-15 + 8)).
-3
What is (-1 + -7 - -2) + -4 + 4?
-6
Evaluate 0 + (10 + -4 - 9) + 3.
0
Evaluate -17 + 16 + (-1 + 2 - 2).
-2
What is the value of 10 - (4 + (3 - (1 + 0)))?
4
Evaluate 7 + (-10 - 0) - -7.
4
3 - -2 - (-1 + 9)
-3
Calculate -1 + -6 + 47 + -47.
-7
What is the value of -3 - (0 + -1 + -1) - -3?
2
-3 + (4 - (5 - 4))
0
Evaluate 6 + (-8 - (1 + -2)) + -1.
-2
21 - 10 - (7 - (2 - 0))
6
Evaluate 4 - (-3 - -9) - 3.
-5
Evaluate (1 - 1 - -5) + 49 + -55.
-1
9 - 9 - -3 - (2 + -1)
2
(5 - -3) + -21 + 9
-4
What is -7 + -5 + 3 + 4 - -3?
-2
What is -11 + 8 - -9 - (7 + 3)?
-4
Calculate 3 - (3 - (-1 + 2 + -4)).
-3
What is the value of 2 - 2 - (4 + (-2 - -2))?
-4
-9 + 10 - -6 - 8
-1
-1 - 3 - (12 + -5 - 8)
-3
-1 - (1 - -1) - -3
0
What is the value of -4 + (3 - -4) + -8?
-5
What is (-5 - (-4 - -3)) + -1?
-5
4 + (-1 - (6 - 9))
6
Calculate -7 - -14 - (2 + 1) - 1.
3
Calculate (0 - 2) + (-6 + 2 - -2).
-4
What is -8 + 3 - (-2 - -1)?
-4
What is the value of 7 + -5 + (1 - 4)?
-1
Evaluate -4 + (0 + -1 - -5).
0
What is the value of (3 - -6) + -1 + -5?
3
Evaluate 0 + -1 + 10 + -10.
-1
Wha